i = -402 + o. What is the hundreds digit of i?
2
Suppose 12*j + 22498 = 26*j. What is the units digit of j?
7
Suppose 4*f + 4 = -8. Let n be (2 + 2 + f)*0. Suppose -2*v - 8 = n, -v + 3*v + 383 = 5*l. What is the units digit of l?
5
Let a(p) = p**3 + p**2 - p + 2. Let h(s) = -2*s**3 + 28*s**2 + 14. Let v(o) = 3*a(o) + h(o). What is the tens digit of v(-31)?
1
Let z(n) = 30*n + 292. Let u be z(0). Suppose 5*a = -14*k + 13*k + u, k = -3*a + 174. What is the units digit of a?
9
Let n = -79 - -81. What is the hundreds digit of 8568/27 - n/6?
3
Suppose 2*n + 4*h - 56268 = 0, 122*h = -5*n + 117*h + 140650. What is the units digit of n?
6
Suppose -b + 4*b = -5*t + 176, 2*b - 144 = 2*t. Suppose -72*p + b*p + 20 = 0. What is the units digit of ((-6)/p)/(9/408*-2)?
4
Suppose -75 = 3*r - 801. Suppose 0*a + r = -5*y - a, 5*a - 211 = 4*y. Let t = 123 + y. What is the units digit of t?
4
Let w(b) = 51*b**3 + b**2 - 12*b + 3. What is the units digit of w(5)?
3
Let g = -16 - -38. Let a = g + -16. What is the tens digit of (6/4)/(a/144)?
3
Suppose -13*p + 3*p + 174770 = -143560. What is the thousands digit of p?
1
Let k be (-2)/(-3) + (-14)/(-6). Let z = -4431 - -4434. Suppose 0 = -k*r - 2*u + 181, u = -z*r + r + 122. What is the units digit of r?
3
Let c be (-4)/(-8)*2 - -28. Suppose 4*g = 15 + c. Suppose -5*r + g = -4. What is the units digit of r?
3
Suppose -1509 = -3*c + 3*f, 5*c = -14*f + 9*f + 2475. Suppose 2*i + b = c, 3*i = -i + 2*b + 978. What is the hundreds digit of i?
2
What is the ten thousands digit of 1/5 - 20755644/(-830)?
2
Let s(v) = -v + 1. Let w(r) = -42*r - 63. Let c(y) = -6*s(y) - w(y). What is the tens digit of c(4)?
4
Let s = -8 + 11. Let w be 4 + (-474 - (s - 1)). What is the units digit of (-1 + 9/12)*w/2?
9
Let a(c) = 3*c**2 + 5*c + 4. Suppose 0 = -o - 1 - 1. Let t be (80/(-24))/(o/(-3)). What is the tens digit of a(t)?
5
What is the units digit of (-1422)/(-15)*(-5 - ((-694)/4 - 4))?
3
Suppose -174178 = -q + 31*q - 465388. What is the thousands digit of q?
9
Suppose 2*j = -3*o + 5*o - 10, -2*j = 0. Suppose o*s - u - 108 = 0, 14 = -4*s + 4*u + 94. What is the tens digit of s?
2
Let m(o) = 10*o**2 + o - 3. Let s be m(3). Suppose 686 = 8*r - s. What is the tens digit of r?
9
Suppose -316 + 1111 = 5*y. Let v = 372 - y. Let m = v - 105. What is the units digit of m?
8
Let w(g) = 4223*g**2 - 19*g + 5. What is the units digit of w(2)?
9
Let j be (-3)/33 - 7/(-77). Let r(y) = y + 328. What is the tens digit of r(j)?
2
Let y be -434 + 3/(-5)*-5. Let k = 650 + y. What is the tens digit of k?
1
Suppose -5*j = 3*q - 50 + 161, 4*j + 4*q + 92 = 0. What is the units digit of 513 + 7/j*-21?
0
Let y be 614/11 - (-26)/143. Suppose 0 = -5*q - y + 3136. What is the hundreds digit of q?
6
Let l = -387 + 389. What is the units digit of (-1)/l + (-23392)/(-64)?
5
Let i(y) = -13 + y + 11 + 3. Let d be i(3). Suppose -2*z = -d*z - 4, -3*k = -5*z - 37. What is the units digit of k?
9
Let z = 493 + -885. Let h = 110 - z. What is the tens digit of h?
0
Let a = 4912 + -2865. What is the hundreds digit of a?
0
Let z be -2 + 0 + (6 - 2) + 397. Let u = 14 + z. What is the hundreds digit of u?
4
Suppose -262*q - 9*q = -4392368. What is the hundreds digit of q?
2
Let x be 1/1 - ((-340)/(-4) - -2). Let r be x/1*(30/(-12) - -3). What is the units digit of (-4)/(2 + 2) - r?
2
Let z(o) be the first derivative of -7*o**4/4 - 5*o**3/3 - o**2/2 + o + 173. What is the units digit of z(-5)?
6
Let g be 1 + 0 + 424/2 + 5. Suppose 0 = u - g - 868. What is the thousands digit of u?
1
What is the hundreds digit of ((-42468)/(-9))/(1 + 5 + 312/(-54))?
2
Let m = 14820 + -9337. What is the tens digit of m?
8
Suppose 93*q + 608 - 39723 = 5246. What is the tens digit of q?
7
Let b = -662 + 656. Let d(n) = -n**3 - 5*n**2 + 2*n - 6. Let y be d(-6). What is the units digit of (-176)/b - (-12)/y?
0
Let d be (316 - (4 + -4)) + -3. Suppose 5*x - d = 172. Suppose -c + 4*c = 2*m + 296, c - x = -m. What is the units digit of c?
8
Let t be (-3)/(15/20)*-1. Suppose 0 = 3*p - 2*p - 2*q - 308, -3*p = -t*q - 918. Suppose 16*o - p = 14*o. What is the tens digit of o?
5
What is the thousands digit of 52236/9 + -6 + 6?
5
Let m = -74319 + 131954. What is the thousands digit of m?
7
Suppose -s + 0*s = -2*k - 16, s - 5*k - 28 = 0. Let u be (-2)/16 + 25/s. Suppose -u*r = 2*r - 485. What is the tens digit of r?
9
Let v = 33012 + -22948. What is the units digit of v?
4
Suppose -5151 = -q + 2*a + 1305, -5*q = a - 32214. What is the units digit of q?
4
Suppose 1 = 3*u + 28. Let v be (0/(-3))/(-7 - u). Suppose v = -4*o + 36 - 20. What is the units digit of o?
4
Let l(f) = 4*f**3 - 3*f**3 + 1 + 1221*f**2 - f - 1214*f**2. Suppose 2*h = -4*s - 30, -3*h + 2*s - 5*s - 33 = 0. What is the units digit of l(h)?
8
Suppose 3*y - 5*k = -10*k + 41, 2*y = -2*k + 22. Let h(v) = 15*v + 8. What is the tens digit of h(y)?
1
Suppose -4*f + 28031 = 3*t, -123*f = 2*t - 127*f - 18734. What is the hundreds digit of t?
3
Suppose -5*p - 2*h = -49, -4*h - 20 = -5*p + 17. What is the units digit of 3290/2 - (p - 4)?
0
Let c = 5319 - 3510. Let r = c + -935. What is the hundreds digit of r?
8
Let l = 2939 - 2126. What is the tens digit of l?
1
Let f = 121031 + -83730. What is the thousands digit of f?
7
Suppose 57 = 2*m + 3*o, -5*m + 132 = -4*o + o. Suppose -m*q = q - 12768. What is the hundreds digit of q?
4
Let u(z) = z**3 + z**2 - 2. Let y be u(-2). Let g(f) = -f**3 - 8*f**2 + 3*f. Let s be g(y). Let o = s + 182. What is the units digit of o?
2
Let m(g) be the second derivative of 73*g**3/6 + 6*g**2 + g + 2. What is the hundreds digit of m(5)?
3
Let c be (-34593)/(-12) - 3/4. Let f be c/26 + (-8)/(-52). Suppose 2*t - f = -t. What is the units digit of t?
7
Let t = -2839 + 3928. What is the thousands digit of t?
1
Let n be 15/(-6) + 2 + (-2)/4. Let p(j) = -309*j**3 - 2*j - 1. Let x be p(n). Suppose 2*f - x = -o, 2*f + 2*f - 632 = 4*o. What is the units digit of f?
6
What is the hundreds digit of (-152)/266 - 3826/(-7)?
5
Suppose u - 5 = -9. Let z = 16 + u. What is the units digit of 16/z - 664/(-6)?
2
Suppose 0 = 4*b - 17165 - 1343. What is the units digit of b?
7
Let h(j) = 12*j + 199. What is the hundreds digit of h(93)?
3
Let a(q) = 12*q**3 + 27*q**2 - 172*q + 1997. What is the hundreds digit of a(14)?
8
Let r = -24836 + 68457. What is the hundreds digit of r?
6
Suppose -53*u - 3136 = -55*u. Suppose 4*a + 948 = a + 3*i, -2*i = -5*a - u. What is the tens digit of a/(-5) + (-2)/5?
6
Let t(d) = -d - 3. Let a be t(-6). Suppose a*m + 70 = -4*u + 17, -m + 5 = 0. Let n = 56 + u. What is the units digit of n?
9
Let k(i) = 309*i**2 - 8*i - 190. What is the ten thousands digit of k(9)?
2
Let a = -58 - -81. Suppose f + 179 = a. What is the units digit of -1 + 0/(-2) + f/(-6)?
5
Let m be ((-1)/(-2))/(-1*(-2)/(-4)). What is the hundreds digit of (-63)/(3*m/10)?
2
Suppose 3*p = -a + 11 + 9, 3*a = -5*p + 40. Let x = 146 + -383. What is the units digit of -7*(p - -1)*869/x?
4
Let q(t) = -58*t + 46. Let y be q(5). Let m = 159 - y. What is the units digit of m?
3
Suppose 221*q = 246*q - 343300. What is the tens digit of q?
3
Let a be -1 - ((-6)/(-2) - 5). Suppose -4*f - 2*j = 646, -4*f + 3*f = -j + 169. What is the tens digit of 3/a*f/(-6)?
8
Let f be 1*((4 - 1) + 13). Suppose -17*o = -f*o + 72. What is the tens digit of (-42)/4*o/14?
5
Let b be 0/25*(-1 - 0)/2. Suppose b = 2*p + 2*y - 916, -p = -0*p - 3*y - 454. What is the hundreds digit of p?
4
What is the tens digit of 404/(-404)*(-8572 - -2)?
7
Let c = 455 - 456. What is the units digit of 1/c*(-283 - 33)?
6
Let y = -2372 + 984. What is the tens digit of y/(-6) + (-6)/(-9)?
3
Let w = 42 + -48. Let b be -2*(-2)/(-6) - 40/w. Suppose j + 880 = b*j. What is the units digit of j?
6
Suppose 10*z + 860 = -430. Let a = 256 - z. What is the units digit of a?
5
Let j(t) = t**2 + 18*t - 20. Let c be j(-19). Let i(d) = -8*d + 15. What is the tens digit of i(c)?
2
What is the thousands digit of (-4)/5*140/14 - -6134?
6
Let h(f) = -28 + 61*f - 25*f - 7. Suppose 0 = -50*u + 31*u + 95. What is the units digit of h(u)?
5
What is the tens digit of (10 - (1 + 0)) + (11797 - -11)*3?
3
Suppose l - 3*m = -17, -2*l + m = -3*l - 9. Let y(t) = 4*t + 29. Let n be y(l). Let q(c) = -c**2 - 20*c - 26. What is the tens di